{"version":"1.0","provider_name":"ALAN","provider_url":"https:\/\/alan.lu\/de\/","title":"Generalversammlung: Jahresbericht 2022 &#038; neue Pr\u00e4sidentin - ALAN","type":"rich","width":600,"height":338,"html":"<blockquote class=\"wp-embedded-content\" data-secret=\"RhqD9iZV7d\"><a href=\"https:\/\/alan.lu\/de\/generalversammlung-2023\/\">Generalversammlung: Jahresbericht 2022 &#038; neue Pr\u00e4sidentin<\/a><\/blockquote><iframe sandbox=\"allow-scripts\" security=\"restricted\" src=\"https:\/\/alan.lu\/de\/generalversammlung-2023\/embed\/#?secret=RhqD9iZV7d\" width=\"600\" height=\"338\" title=\"&#8222;Generalversammlung: Jahresbericht 2022 &#038; neue Pr\u00e4sidentin&#8220; &#8211; ALAN\" data-secret=\"RhqD9iZV7d\" frameborder=\"0\" marginwidth=\"0\" marginheight=\"0\" scrolling=\"no\" class=\"wp-embedded-content\"><\/iframe><script type=\"text\/javascript\">\n\/* <![CDATA[ *\/\n\/*! This file is auto-generated *\/\n!function(d,l){\"use strict\";l.querySelector&&d.addEventListener&&\"undefined\"!=typeof URL&&(d.wp=d.wp||{},d.wp.receiveEmbedMessage||(d.wp.receiveEmbedMessage=function(e){var t=e.data;if((t||t.secret||t.message||t.value)&&!\/[^a-zA-Z0-9]\/.test(t.secret)){for(var s,r,n,a=l.querySelectorAll('iframe[data-secret=\"'+t.secret+'\"]'),o=l.querySelectorAll('blockquote[data-secret=\"'+t.secret+'\"]'),c=new RegExp(\"^https?:$\",\"i\"),i=0;i<o.length;i++)o[i].style.display=\"none\";for(i=0;i<a.length;i++)s=a[i],e.source===s.contentWindow&&(s.removeAttribute(\"style\"),\"height\"===t.message?(1e3<(r=parseInt(t.value,10))?r=1e3:~~r<200&&(r=200),s.height=r):\"link\"===t.message&&(r=new URL(s.getAttribute(\"src\")),n=new URL(t.value),c.test(n.protocol))&&n.host===r.host&&l.activeElement===s&&(d.top.location.href=t.value))}},d.addEventListener(\"message\",d.wp.receiveEmbedMessage,!1),l.addEventListener(\"DOMContentLoaded\",function(){for(var e,t,s=l.querySelectorAll(\"iframe.wp-embedded-content\"),r=0;r<s.length;r++)(t=(e=s[r]).getAttribute(\"data-secret\"))||(t=Math.random().toString(36).substring(2,12),e.src+=\"#?secret=\"+t,e.setAttribute(\"data-secret\",t)),e.contentWindow.postMessage({message:\"ready\",secret:t},\"*\")},!1)))}(window,document);\n\/\/# sourceURL=https:\/\/alan.lu\/wp-includes\/js\/wp-embed.min.js\n\/* ]]> *\/\n<\/script>\n","thumbnail_url":"https:\/\/alan.lu\/wp-content\/uploads\/2023\/05\/AGO2023-CA-web.jpg","thumbnail_width":1300,"thumbnail_height":845,"description":"Im Jahr 2022 erhielt die gemeinn\u00fctzige Vereinigung ALAN - Maladies Rares Luxembourg fast 700 Anfragen auf Unterst\u00fctzung von Menschen, die von etwa 300 verschiedenen seltenen Erkrankungen betroffen sind. Der Jahresbericht, welcher auf der k\u00fcrzlich abgehaltenen Generalversammlung vorgestellt wurde, zeigt, dass ALAN au\u00dferdem ihr Mandat als Nationale Allianz f\u00fcr seltene Krankheiten durch mehrere Aktionen im Bereich der Interessenvertretung, wie etwa der Forderung eines zweiten Nationalen Plans f\u00fcr Seltene Erkrankungen, deutlich gest\u00e4rkt hat. Die Generalversammlung der Vereinigung war in diesem Jahr von einem bedeutenden Moment gepr\u00e4gt: Nach 10 Jahren als Pr\u00e4sidentin \u00fcbergab Shirley Feider-Rohen die Pr\u00e4sidentschaft an Anja Di Bartolomeo."}

Generalversammlung: Jahresbericht 2022 &#038; neue Präsidentin - ALAN

<blockquote class="wp-embedded-content" data-secret="RhqD9iZV7d"><a href="https://alan.lu/de/generalversammlung-2023/">Generalversammlung: Jahresbericht 2022 &#038; neue Präsidentin</a></blockquote><iframe sandbox="allow-scripts" security="restricted" src="https://alan.lu/de/generalversammlung-2023/embed/#?secret=RhqD9iZV7d" width="600" height="338" title="&#8222;Generalversammlung: Jahresbericht 2022 &#038; neue Präsidentin&#8220; &#8211; ALAN" data-secret="RhqD9iZV7d" frameborder="0" marginwidth="0" marginheight="0" scrolling="no" class="wp-embedded-content"></iframe><script type="text/javascript">
/* <![CDATA[ */
/*! This file is auto-generated */
!function(d,l){"use strict";l.querySelector&&d.addEventListener&&"undefined"!=typeof URL&&(d.wp=d.wp||{},d.wp.receiveEmbedMessage||(d.wp.receiveEmbedMessage=function(e){var t=e.data;if((t||t.secret||t.message||t.value)&&!/[^a-zA-Z0-9]/.test(t.secret)){for(var s,r,n,a=l.querySelectorAll('iframe[data-secret="'+t.secret+'"]'),o=l.querySelectorAll('blockquote[data-secret="'+t.secret+'"]'),c=new RegExp("^https?:$","i"),i=0;i<o.length;i++)o[i].style.display="none";for(i=0;i<a.length;i++)s=a[i],e.source===s.contentWindow&&(s.removeAttribute("style"),"height"===t.message?(1e3<(r=parseInt(t.value,10))?r=1e3:~~r<200&&(r=200),s.height=r):"link"===t.message&&(r=new URL(s.getAttribute("src")),n=new URL(t.value),c.test(n.protocol))&&n.host===r.host&&l.activeElement===s&&(d.top.location.href=t.value))}},d.addEventListener("message",d.wp.receiveEmbedMessage,!1),l.addEventListener("DOMContentLoaded",function(){for(var e,t,s=l.querySelectorAll("iframe.wp-embedded-content"),r=0;r<s.length;r++)(t=(e=s[r]).getAttribute("data-secret"))||(t=Math.random().toString(36).substring(2,12),e.src+="#?secret="+t,e.setAttribute("data-secret",t)),e.contentWindow.postMessage({message:"ready",secret:t},"*")},!1)))}(window,document);
//# sourceURL=https://alan.lu/wp-includes/js/wp-embed.min.js
/* ]]> */
</script>

Im Jahr 2022 erhielt die gemeinnützige Vereinigung ALAN - Maladies Rares Luxembourg fast 700 Anfragen auf Unterstützung von Menschen, die von etwa 300 verschiedenen seltenen Erkrankungen betroffen sind. Der Jahresbericht, welcher auf der kürzlich abgehaltenen Generalversammlung vorgestellt wurde, zeigt, dass ALAN außerdem ihr Mandat als Nationale Allianz für seltene Krankheiten durch mehrere Aktionen im Bereich der Interessenvertretung, wie etwa der Forderung eines zweiten Nationalen Plans für Seltene Erkrankungen, deutlich gestärkt hat. Die Generalversammlung der Vereinigung war in diesem Jahr von einem bedeutenden Moment geprägt: Nach 10 Jahren als Präsidentin übergab Shirley Feider-Rohen die Präsidentschaft an Anja Di Bartolomeo.
