{"version":"1.0","provider_name":"ALAN","provider_url":"https:\/\/alan.lu\/de\/","title":"Offener Brief an die Regierung bez\u00fcglich der Gesundheitskrise - ALAN","type":"rich","width":600,"height":338,"html":"<blockquote class=\"wp-embedded-content\" data-secret=\"wkXCinrkhN\"><a href=\"https:\/\/alan.lu\/de\/offener-brief-an-die-regierung-bezuglich-der-gesundheitskrise\/\">Offener Brief an die Regierung bez\u00fcglich der Gesundheitskrise<\/a><\/blockquote><iframe sandbox=\"allow-scripts\" security=\"restricted\" src=\"https:\/\/alan.lu\/de\/offener-brief-an-die-regierung-bezuglich-der-gesundheitskrise\/embed\/#?secret=wkXCinrkhN\" width=\"600\" height=\"338\" title=\"&#8222;Offener Brief an die Regierung bez\u00fcglich der Gesundheitskrise&#8220; &#8211; ALAN\" data-secret=\"wkXCinrkhN\" frameborder=\"0\" marginwidth=\"0\" marginheight=\"0\" scrolling=\"no\" class=\"wp-embedded-content\"><\/iframe><script type=\"text\/javascript\">\n\/* <![CDATA[ *\/\n\/*! This file is auto-generated *\/\n!function(d,l){\"use strict\";l.querySelector&&d.addEventListener&&\"undefined\"!=typeof URL&&(d.wp=d.wp||{},d.wp.receiveEmbedMessage||(d.wp.receiveEmbedMessage=function(e){var t=e.data;if((t||t.secret||t.message||t.value)&&!\/[^a-zA-Z0-9]\/.test(t.secret)){for(var s,r,n,a=l.querySelectorAll('iframe[data-secret=\"'+t.secret+'\"]'),o=l.querySelectorAll('blockquote[data-secret=\"'+t.secret+'\"]'),c=new RegExp(\"^https?:$\",\"i\"),i=0;i<o.length;i++)o[i].style.display=\"none\";for(i=0;i<a.length;i++)s=a[i],e.source===s.contentWindow&&(s.removeAttribute(\"style\"),\"height\"===t.message?(1e3<(r=parseInt(t.value,10))?r=1e3:~~r<200&&(r=200),s.height=r):\"link\"===t.message&&(r=new URL(s.getAttribute(\"src\")),n=new URL(t.value),c.test(n.protocol))&&n.host===r.host&&l.activeElement===s&&(d.top.location.href=t.value))}},d.addEventListener(\"message\",d.wp.receiveEmbedMessage,!1),l.addEventListener(\"DOMContentLoaded\",function(){for(var e,t,s=l.querySelectorAll(\"iframe.wp-embedded-content\"),r=0;r<s.length;r++)(t=(e=s[r]).getAttribute(\"data-secret\"))||(t=Math.random().toString(36).substring(2,12),e.src+=\"#?secret=\"+t,e.setAttribute(\"data-secret\",t)),e.contentWindow.postMessage({message:\"ready\",secret:t},\"*\")},!1)))}(window,document);\n\/\/# sourceURL=https:\/\/alan.lu\/wp-includes\/js\/wp-embed.min.js\n\/* ]]> *\/\n<\/script>\n","thumbnail_url":"https:\/\/alan.lu\/wp-content\/uploads\/2020\/08\/Open-letter.jpg","thumbnail_width":1300,"thumbnail_height":845,"description":"Durch die aktuelle Gesundheitskrise ist der Alltag f\u00fcr Familien mit schwerkranken Kindern und f\u00fcr Menschen mit seltenen Erkrankungen, welche wir unterst\u00fctzen, noch schwieriger geworden. Um auf deren Fragen, Bedenken und Bed\u00fcrfnisse einzugehen, haben wir uns mit mehreren Organisationen zusammengeschlossen, um folgenden Brief an die luxemburgische Regierung zu senden."}

Offener Brief an die Regierung bezüglich der Gesundheitskrise - ALAN

<blockquote class="wp-embedded-content" data-secret="wkXCinrkhN"><a href="https://alan.lu/de/offener-brief-an-die-regierung-bezuglich-der-gesundheitskrise/">Offener Brief an die Regierung bezüglich der Gesundheitskrise</a></blockquote><iframe sandbox="allow-scripts" security="restricted" src="https://alan.lu/de/offener-brief-an-die-regierung-bezuglich-der-gesundheitskrise/embed/#?secret=wkXCinrkhN" width="600" height="338" title="&#8222;Offener Brief an die Regierung bezüglich der Gesundheitskrise&#8220; &#8211; ALAN" data-secret="wkXCinrkhN" frameborder="0" marginwidth="0" marginheight="0" scrolling="no" class="wp-embedded-content"></iframe><script type="text/javascript">
/* <![CDATA[ */
/*! This file is auto-generated */
!function(d,l){"use strict";l.querySelector&&d.addEventListener&&"undefined"!=typeof URL&&(d.wp=d.wp||{},d.wp.receiveEmbedMessage||(d.wp.receiveEmbedMessage=function(e){var t=e.data;if((t||t.secret||t.message||t.value)&&!/[^a-zA-Z0-9]/.test(t.secret)){for(var s,r,n,a=l.querySelectorAll('iframe[data-secret="'+t.secret+'"]'),o=l.querySelectorAll('blockquote[data-secret="'+t.secret+'"]'),c=new RegExp("^https?:$","i"),i=0;i<o.length;i++)o[i].style.display="none";for(i=0;i<a.length;i++)s=a[i],e.source===s.contentWindow&&(s.removeAttribute("style"),"height"===t.message?(1e3<(r=parseInt(t.value,10))?r=1e3:~~r<200&&(r=200),s.height=r):"link"===t.message&&(r=new URL(s.getAttribute("src")),n=new URL(t.value),c.test(n.protocol))&&n.host===r.host&&l.activeElement===s&&(d.top.location.href=t.value))}},d.addEventListener("message",d.wp.receiveEmbedMessage,!1),l.addEventListener("DOMContentLoaded",function(){for(var e,t,s=l.querySelectorAll("iframe.wp-embedded-content"),r=0;r<s.length;r++)(t=(e=s[r]).getAttribute("data-secret"))||(t=Math.random().toString(36).substring(2,12),e.src+="#?secret="+t,e.setAttribute("data-secret",t)),e.contentWindow.postMessage({message:"ready",secret:t},"*")},!1)))}(window,document);
//# sourceURL=https://alan.lu/wp-includes/js/wp-embed.min.js
/* ]]> */
</script>

Durch die aktuelle Gesundheitskrise ist der Alltag für Familien mit schwerkranken Kindern und für Menschen mit seltenen Erkrankungen, welche wir unterstützen, noch schwieriger geworden. Um auf deren Fragen, Bedenken und Bedürfnisse einzugehen, haben wir uns mit mehreren Organisationen zusammengeschlossen, um folgenden Brief an die luxemburgische Regierung zu senden.
