{"id":21713,"date":"2020-10-06T17:03:10","date_gmt":"2020-10-06T15:03:10","guid":{"rendered":"https:\/\/alan.wearequattro.com\/events\/rare-disease-day-2021-2\/"},"modified":"2021-02-19T17:45:53","modified_gmt":"2021-02-19T16:45:53","slug":"tag-der-seltenen-krankheiten-2021","status":"publish","type":"ajde_events","link":"https:\/\/alan.lu\/de\/events\/tag-der-seltenen-krankheiten-2021\/","title":{"rendered":"Tag der Seltenen Krankheiten 2021"},"content":{"rendered":"<p>Der Tag der Seltenen Krankheiten (Rare Disease Day) ist eine j\u00e4hrliche weltweite Veranstaltung, die von EURORDIS am letzten Tag im Februar organisiert wird. An diesem Tag kommen betroffene Patienten und Familien, Pfleger, Mediziner, Politiker und andere B\u00fcrger zusammen, um \u00fcber seltene Erkrankungen aufzukl\u00e4ren und ihre Solidarit\u00e4t zu zeigen.<\/p>\n<p>Aufgrund der COVID-19-Pandemie werden im Jahr 2021 keine Veranstaltungen stattfinden k\u00f6nnen. Daher hat sich die Gemeinschaft rund um die seltenen Erkrankungen entschlossen, den Schwerpunkt der diesj\u00e4hrigen Kampagne auf die Beleuchtung \u00f6ffentlicher, symbolischer Geb\u00e4ude und Denkm\u00e4ler auf der ganzen Welt zu legen.<\/p>\n<p>Das Ziel dieser Aktion besteht darin ein Zeichen der Gemeinschaft &amp; Solidarit\u00e4t zu setzten und gleichzeitig \u00fcber seltene Erkrankungen aufzukl\u00e4ren.<\/p>\n<p>F\u00fcr die Aktion \u201eLight It Up\u201c werden in der letzten Februarwoche 2021 mehrere symbolische Geb\u00e4ude in Luxemburg in den Farben des Rare Disease Day (blau, rosa, gr\u00fcn, lila) beleuchtet, darunter:<\/p>\n<ul>\n<li>Stadt Luxemburg : der Wasserturm am Ban de Gasperich<\/li>\n<li>Esch-sur-Alzette : das H\u00f4tel de Ville und die Hoch\u00f6fen von Belval<\/li>\n<li>Ettelbruck : das CAPE \u2013 Centre des Arts Pluriels d\u2019Ettelbruck<\/li>\n<li>Mamer : das Mamer Schlass und die Maison Citoyenne<\/li>\n<li>Wiltz : das Schloss Wiltz<\/li>\n<li>Schengen : Nationens\u00e4ulen<\/li>\n<li>Centre Hospitaler de Luxembourg<\/li>\n<li>Centre Hospitalier Emile Mayrisch<\/li>\n<\/ul>\n<p>Den offiziellen Startschuss der Aktion \u201eLight It Up\u201c geben<strong> Gesundheitsministerin, Paulette Lenert, und B\u00fcrgermeisterin der Stadt Luxemburg, Lydie Polfer<\/strong>, am 24. Februar 2021 um 19:00 Uhr mit der Beleuchtung des Wasserturms am Ban de Gasperich.<\/p>\n<p>Die Beleuchtung der Geb\u00e4ude wird von einer intensiven Kampagne in den sozialen Medien begleitet, welche von der gemeinn\u00fctzigen Vereinigung ALAN \u2013 Maladies Rares Luxembourg und ihrem Partner, dem Centre Hospitalier du Nord, angef\u00fchrt wird.<\/p>\n","protected":false},"author":1,"featured_media":21714,"menu_order":0,"comment_status":"closed","ping_status":"closed","template":"","meta":{"give_campaign_id":0,"inline_featured_image":false},"tags":[],"event_type":[83],"event_type_2":[],"class_list":["post-21713","ajde_events","type-ajde_events","status-publish","has-post-thumbnail","hentry","event_location-weltweit","event_organizer-eurordis-alan","event_type-public-event"],"yoast_head":"<!-- This site is optimized with the Yoast SEO plugin v27.4 - https:\/\/yoast.com\/product\/yoast-seo-wordpress\/ -->\n<title>Tag der Seltenen Krankheiten 2021 - ALAN<\/title>\n<meta name=\"robots\" content=\"index, follow, max-snippet:-1, max-image-preview:large, max-video-preview:-1\" \/>\n<link rel=\"canonical\" href=\"https:\/\/alan.lu\/de\/events\/tag-der-seltenen-krankheiten-2021\/\" \/>\n<meta property=\"og:locale\" content=\"de_DE\" \/>\n<meta property=\"og:type\" content=\"article\" \/>\n<meta property=\"og:title\" content=\"Tag der Seltenen Krankheiten 2021 - ALAN\" \/>\n<meta property=\"og:description\" content=\"Der Tag der Seltenen Krankheiten (Rare Disease Day) ist eine j\u00e4hrliche weltweite Veranstaltung, die von EURORDIS am letzten Tag im Februar organisiert wird. An diesem Tag kommen betroffene Patienten und...\" \/>\n<meta property=\"og:url\" content=\"https:\/\/alan.lu\/de\/events\/tag-der-seltenen-krankheiten-2021\/\" \/>\n<meta property=\"og:site_name\" content=\"ALAN\" \/>\n<meta property=\"article:modified_time\" content=\"2021-02-19T16:45:53+00:00\" \/>\n<meta property=\"og:image\" content=\"https:\/\/alan.lu\/wp-content\/uploads\/2020\/07\/event.png\" \/>\n\t<meta property=\"og:image:width\" content=\"800\" \/>\n\t<meta property=\"og:image:height\" content=\"577\" \/>\n\t<meta property=\"og:image:type\" content=\"image\/png\" \/>\n<meta name=\"twitter:card\" content=\"summary_large_image\" \/>\n<meta name=\"twitter:label1\" content=\"Gesch\u00e4tzte Lesezeit\" \/>\n\t<meta name=\"twitter:data1\" content=\"2\u00a0Minuten\" \/>\n<script type=\"application\/ld+json\" class=\"yoast-schema-graph\">{\"@context\":\"https:\\\/\\\/schema.org\",\"@graph\":[{\"@type\":\"WebPage\",\"@id\":\"https:\\\/\\\/alan.lu\\\/de\\\/events\\\/tag-der-seltenen-krankheiten-2021\\\/\",\"url\":\"https:\\\/\\\/alan.lu\\\/de\\\/events\\\/tag-der-seltenen-krankheiten-2021\\\/\",\"name\":\"Tag der Seltenen Krankheiten 2021 - ALAN\",\"isPartOf\":{\"@id\":\"https:\\\/\\\/alan.lu\\\/de\\\/#website\"},\"primaryImageOfPage\":{\"@id\":\"https:\\\/\\\/alan.lu\\\/de\\\/events\\\/tag-der-seltenen-krankheiten-2021\\\/#primaryimage\"},\"image\":{\"@id\":\"https:\\\/\\\/alan.lu\\\/de\\\/events\\\/tag-der-seltenen-krankheiten-2021\\\/#primaryimage\"},\"thumbnailUrl\":\"https:\\\/\\\/alan.lu\\\/wp-content\\\/uploads\\\/2020\\\/07\\\/event.png\",\"datePublished\":\"2020-10-06T15:03:10+00:00\",\"dateModified\":\"2021-02-19T16:45:53+00:00\",\"breadcrumb\":{\"@id\":\"https:\\\/\\\/alan.lu\\\/de\\\/events\\\/tag-der-seltenen-krankheiten-2021\\\/#breadcrumb\"},\"inLanguage\":\"de\",\"potentialAction\":[{\"@type\":\"ReadAction\",\"target\":[\"https:\\\/\\\/alan.lu\\\/de\\\/events\\\/tag-der-seltenen-krankheiten-2021\\\/\"]}]},{\"@type\":\"ImageObject\",\"inLanguage\":\"de\",\"@id\":\"https:\\\/\\\/alan.lu\\\/de\\\/events\\\/tag-der-seltenen-krankheiten-2021\\\/#primaryimage\",\"url\":\"https:\\\/\\\/alan.lu\\\/wp-content\\\/uploads\\\/2020\\\/07\\\/event.png\",\"contentUrl\":\"https:\\\/\\\/alan.lu\\\/wp-content\\\/uploads\\\/2020\\\/07\\\/event.png\",\"width\":800,\"height\":577},{\"@type\":\"BreadcrumbList\",\"@id\":\"https:\\\/\\\/alan.lu\\\/de\\\/events\\\/tag-der-seltenen-krankheiten-2021\\\/#breadcrumb\",\"itemListElement\":[{\"@type\":\"ListItem\",\"position\":1,\"name\":\"Accueil\",\"item\":\"https:\\\/\\\/alan.lu\\\/de\\\/\"},{\"@type\":\"ListItem\",\"position\":2,\"name\":\"Events\",\"item\":\"https:\\\/\\\/alan.lu\\\/de\\\/events\\\/\"},{\"@type\":\"ListItem\",\"position\":3,\"name\":\"Tag der Seltenen Krankheiten 2021\"}]},{\"@type\":\"WebSite\",\"@id\":\"https:\\\/\\\/alan.lu\\\/de\\\/#website\",\"url\":\"https:\\\/\\\/alan.lu\\\/de\\\/\",\"name\":\"ALAN\",\"description\":\"Rare Diseases Luxembourg\",\"potentialAction\":[{\"@type\":\"SearchAction\",\"target\":{\"@type\":\"EntryPoint\",\"urlTemplate\":\"https:\\\/\\\/alan.lu\\\/de\\\/?s={search_term_string}\"},\"query-input\":{\"@type\":\"PropertyValueSpecification\",\"valueRequired\":true,\"valueName\":\"search_term_string\"}}],\"inLanguage\":\"de\"}]}<\/script>\n<!-- \/ Yoast SEO plugin. -->","yoast_head_json":{"title":"Tag der Seltenen Krankheiten 2021 - ALAN","robots":{"index":"index","follow":"follow","max-snippet":"max-snippet:-1","max-image-preview":"max-image-preview:large","max-video-preview":"max-video-preview:-1"},"canonical":"https:\/\/alan.lu\/de\/events\/tag-der-seltenen-krankheiten-2021\/","og_locale":"de_DE","og_type":"article","og_title":"Tag der Seltenen Krankheiten 2021 - ALAN","og_description":"Der Tag der Seltenen Krankheiten (Rare Disease Day) ist eine j\u00e4hrliche weltweite Veranstaltung, die von EURORDIS am letzten Tag im Februar organisiert wird. An diesem Tag kommen betroffene Patienten und...","og_url":"https:\/\/alan.lu\/de\/events\/tag-der-seltenen-krankheiten-2021\/","og_site_name":"ALAN","article_modified_time":"2021-02-19T16:45:53+00:00","og_image":[{"width":800,"height":577,"url":"https:\/\/alan.lu\/wp-content\/uploads\/2020\/07\/event.png","type":"image\/png"}],"twitter_card":"summary_large_image","twitter_misc":{"Gesch\u00e4tzte Lesezeit":"2\u00a0Minuten"},"schema":{"@context":"https:\/\/schema.org","@graph":[{"@type":"WebPage","@id":"https:\/\/alan.lu\/de\/events\/tag-der-seltenen-krankheiten-2021\/","url":"https:\/\/alan.lu\/de\/events\/tag-der-seltenen-krankheiten-2021\/","name":"Tag der Seltenen Krankheiten 2021 - ALAN","isPartOf":{"@id":"https:\/\/alan.lu\/de\/#website"},"primaryImageOfPage":{"@id":"https:\/\/alan.lu\/de\/events\/tag-der-seltenen-krankheiten-2021\/#primaryimage"},"image":{"@id":"https:\/\/alan.lu\/de\/events\/tag-der-seltenen-krankheiten-2021\/#primaryimage"},"thumbnailUrl":"https:\/\/alan.lu\/wp-content\/uploads\/2020\/07\/event.png","datePublished":"2020-10-06T15:03:10+00:00","dateModified":"2021-02-19T16:45:53+00:00","breadcrumb":{"@id":"https:\/\/alan.lu\/de\/events\/tag-der-seltenen-krankheiten-2021\/#breadcrumb"},"inLanguage":"de","potentialAction":[{"@type":"ReadAction","target":["https:\/\/alan.lu\/de\/events\/tag-der-seltenen-krankheiten-2021\/"]}]},{"@type":"ImageObject","inLanguage":"de","@id":"https:\/\/alan.lu\/de\/events\/tag-der-seltenen-krankheiten-2021\/#primaryimage","url":"https:\/\/alan.lu\/wp-content\/uploads\/2020\/07\/event.png","contentUrl":"https:\/\/alan.lu\/wp-content\/uploads\/2020\/07\/event.png","width":800,"height":577},{"@type":"BreadcrumbList","@id":"https:\/\/alan.lu\/de\/events\/tag-der-seltenen-krankheiten-2021\/#breadcrumb","itemListElement":[{"@type":"ListItem","position":1,"name":"Accueil","item":"https:\/\/alan.lu\/de\/"},{"@type":"ListItem","position":2,"name":"Events","item":"https:\/\/alan.lu\/de\/events\/"},{"@type":"ListItem","position":3,"name":"Tag der Seltenen Krankheiten 2021"}]},{"@type":"WebSite","@id":"https:\/\/alan.lu\/de\/#website","url":"https:\/\/alan.lu\/de\/","name":"ALAN","description":"Rare Diseases Luxembourg","potentialAction":[{"@type":"SearchAction","target":{"@type":"EntryPoint","urlTemplate":"https:\/\/alan.lu\/de\/?s={search_term_string}"},"query-input":{"@type":"PropertyValueSpecification","valueRequired":true,"valueName":"search_term_string"}}],"inLanguage":"de"}]}},"_links":{"self":[{"href":"https:\/\/alan.lu\/de\/wp-json\/wp\/v2\/ajde_events\/21713","targetHints":{"allow":["GET"]}}],"collection":[{"href":"https:\/\/alan.lu\/de\/wp-json\/wp\/v2\/ajde_events"}],"about":[{"href":"https:\/\/alan.lu\/de\/wp-json\/wp\/v2\/types\/ajde_events"}],"author":[{"embeddable":true,"href":"https:\/\/alan.lu\/de\/wp-json\/wp\/v2\/users\/1"}],"replies":[{"embeddable":true,"href":"https:\/\/alan.lu\/de\/wp-json\/wp\/v2\/comments?post=21713"}],"wp:featuredmedia":[{"embeddable":true,"href":"https:\/\/alan.lu\/de\/wp-json\/wp\/v2\/media\/21714"}],"wp:attachment":[{"href":"https:\/\/alan.lu\/de\/wp-json\/wp\/v2\/media?parent=21713"}],"wp:term":[{"taxonomy":"post_tag","embeddable":true,"href":"https:\/\/alan.lu\/de\/wp-json\/wp\/v2\/tags?post=21713"},{"taxonomy":"event_type","embeddable":true,"href":"https:\/\/alan.lu\/de\/wp-json\/wp\/v2\/event_type?post=21713"},{"taxonomy":"event_type_2","embeddable":true,"href":"https:\/\/alan.lu\/de\/wp-json\/wp\/v2\/event_type_2?post=21713"}],"curies":[{"name":"wp","href":"https:\/\/api.w.org\/{rel}","templated":true}]}}

<p>Der Tag der Seltenen Krankheiten (Rare Disease Day) ist eine jährliche weltweite Veranstaltung, die von EURORDIS am letzten Tag im Februar organisiert wird. An diesem Tag kommen betroffene Patienten und Familien, Pfleger, Mediziner, Politiker und andere Bürger zusammen, um über seltene Erkrankungen aufzuklären und ihre Solidarität zu zeigen.</p>
<p>Aufgrund der COVID-19-Pandemie werden im Jahr 2021 keine Veranstaltungen stattfinden können. Daher hat sich die Gemeinschaft rund um die seltenen Erkrankungen entschlossen, den Schwerpunkt der diesjährigen Kampagne auf die Beleuchtung öffentlicher, symbolischer Gebäude und Denkmäler auf der ganzen Welt zu legen.</p>
<p>Das Ziel dieser Aktion besteht darin ein Zeichen der Gemeinschaft &amp; Solidarität zu setzten und gleichzeitig über seltene Erkrankungen aufzuklären.</p>
<p>Für die Aktion „Light It Up“ werden in der letzten Februarwoche 2021 mehrere symbolische Gebäude in Luxemburg in den Farben des Rare Disease Day (blau, rosa, grün, lila) beleuchtet, darunter:</p>
<ul>
<li>Stadt Luxemburg : der Wasserturm am Ban de Gasperich</li>
<li>Esch-sur-Alzette : das Hôtel de Ville und die Hochöfen von Belval</li>
<li>Ettelbruck : das CAPE – Centre des Arts Pluriels d’Ettelbruck</li>
<li>Mamer : das Mamer Schlass und die Maison Citoyenne</li>
<li>Wiltz : das Schloss Wiltz</li>
<li>Schengen : Nationensäulen</li>
<li>Centre Hospitaler de Luxembourg</li>
<li>Centre Hospitalier Emile Mayrisch</li>
</ul>
<p>Den offiziellen Startschuss der Aktion „Light It Up“ geben<strong> Gesundheitsministerin, Paulette Lenert, und Bürgermeisterin der Stadt Luxemburg, Lydie Polfer</strong>, am 24. Februar 2021 um 19:00 Uhr mit der Beleuchtung des Wasserturms am Ban de Gasperich.</p>
<p>Die Beleuchtung der Gebäude wird von einer intensiven Kampagne in den sozialen Medien begleitet, welche von der gemeinnützigen Vereinigung ALAN – Maladies Rares Luxembourg und ihrem Partner, dem Centre Hospitalier du Nord, angeführt wird.</p>

<!-- This site is optimized with the Yoast SEO plugin v27.4 - https://yoast.com/product/yoast-seo-wordpress/ -->
<title>Tag der Seltenen Krankheiten 2021 - ALAN</title>
<meta name="robots" content="index, follow, max-snippet:-1, max-image-preview:large, max-video-preview:-1" />
<link rel="canonical" href="https://alan.lu/de/events/tag-der-seltenen-krankheiten-2021/" />
<meta property="og:locale" content="de_DE" />
<meta property="og:type" content="article" />
<meta property="og:title" content="Tag der Seltenen Krankheiten 2021 - ALAN" />
<meta property="og:description" content="Der Tag der Seltenen Krankheiten (Rare Disease Day) ist eine jährliche weltweite Veranstaltung, die von EURORDIS am letzten Tag im Februar organisiert wird. An diesem Tag kommen betroffene Patienten und..." />
<meta property="og:url" content="https://alan.lu/de/events/tag-der-seltenen-krankheiten-2021/" />
<meta property="og:site_name" content="ALAN" />
<meta property="article:modified_time" content="2021-02-19T16:45:53+00:00" />
<meta property="og:image" content="https://alan.lu/wp-content/uploads/2020/07/event.png" />
	<meta property="og:image:width" content="800" />
	<meta property="og:image:height" content="577" />
	<meta property="og:image:type" content="image/png" />
<meta name="twitter:card" content="summary_large_image" />
<meta name="twitter:label1" content="Geschätzte Lesezeit" />
	<meta name="twitter:data1" content="2 Minuten" />
<script type="application/ld+json" class="yoast-schema-graph">{"@context":"https:\/\/schema.org","@graph":[{"@type":"WebPage","@id":"https:\/\/alan.lu\/de\/events\/tag-der-seltenen-krankheiten-2021\/","url":"https:\/\/alan.lu\/de\/events\/tag-der-seltenen-krankheiten-2021\/","name":"Tag der Seltenen Krankheiten 2021 - ALAN","isPartOf":{"@id":"https:\/\/alan.lu\/de\/#website"},"primaryImageOfPage":{"@id":"https:\/\/alan.lu\/de\/events\/tag-der-seltenen-krankheiten-2021\/#primaryimage"},"image":{"@id":"https:\/\/alan.lu\/de\/events\/tag-der-seltenen-krankheiten-2021\/#primaryimage"},"thumbnailUrl":"https:\/\/alan.lu\/wp-content\/uploads\/2020\/07\/event.png","datePublished":"2020-10-06T15:03:10+00:00","dateModified":"2021-02-19T16:45:53+00:00","breadcrumb":{"@id":"https:\/\/alan.lu\/de\/events\/tag-der-seltenen-krankheiten-2021\/#breadcrumb"},"inLanguage":"de","potentialAction":[{"@type":"ReadAction","target":["https:\/\/alan.lu\/de\/events\/tag-der-seltenen-krankheiten-2021\/"]}]},{"@type":"ImageObject","inLanguage":"de","@id":"https:\/\/alan.lu\/de\/events\/tag-der-seltenen-krankheiten-2021\/#primaryimage","url":"https:\/\/alan.lu\/wp-content\/uploads\/2020\/07\/event.png","contentUrl":"https:\/\/alan.lu\/wp-content\/uploads\/2020\/07\/event.png","width":800,"height":577},{"@type":"BreadcrumbList","@id":"https:\/\/alan.lu\/de\/events\/tag-der-seltenen-krankheiten-2021\/#breadcrumb","itemListElement":[{"@type":"ListItem","position":1,"name":"Accueil","item":"https:\/\/alan.lu\/de\/"},{"@type":"ListItem","position":2,"name":"Events","item":"https:\/\/alan.lu\/de\/events\/"},{"@type":"ListItem","position":3,"name":"Tag der Seltenen Krankheiten 2021"}]},{"@type":"WebSite","@id":"https:\/\/alan.lu\/de\/#website","url":"https:\/\/alan.lu\/de\/","name":"ALAN","description":"Rare Diseases Luxembourg","potentialAction":[{"@type":"SearchAction","target":{"@type":"EntryPoint","urlTemplate":"https:\/\/alan.lu\/de\/?s={search_term_string}"},"query-input":{"@type":"PropertyValueSpecification","valueRequired":true,"valueName":"search_term_string"}}],"inLanguage":"de"}]}</script>
<!-- / Yoast SEO plugin. -->

Der Tag der Seltenen Krankheiten (Rare Disease Day) ist eine jährliche weltweite Veranstaltung, die von EURORDIS am letzten Tag im Februar organisiert wird. An diesem Tag kommen betroffene Patienten und...
