{"version":"1.0","provider_name":"ALAN","provider_url":"https:\/\/alan.lu\/fr\/","title":"Lettre publique concernant la crise sanitaire li\u00e9e au COVID-19 - d\u00e9cembre 2021 - ALAN","type":"rich","width":600,"height":338,"html":"<blockquote class=\"wp-embedded-content\" data-secret=\"Vkpjpour2I\"><a href=\"https:\/\/alan.lu\/fr\/lettre-publique-covid-19-decembre-2021\/\">Lettre publique concernant la crise sanitaire li\u00e9e au COVID-19 &#8211; d\u00e9cembre 2021<\/a><\/blockquote><iframe sandbox=\"allow-scripts\" security=\"restricted\" src=\"https:\/\/alan.lu\/fr\/lettre-publique-covid-19-decembre-2021\/embed\/#?secret=Vkpjpour2I\" width=\"600\" height=\"338\" title=\"\u00ab\u00a0Lettre publique concernant la crise sanitaire li\u00e9e au COVID-19 &#8211; d\u00e9cembre 2021\u00a0\u00bb &#8212; ALAN\" data-secret=\"Vkpjpour2I\" frameborder=\"0\" marginwidth=\"0\" marginheight=\"0\" scrolling=\"no\" class=\"wp-embedded-content\"><\/iframe><script type=\"text\/javascript\">\n\/* <![CDATA[ *\/\n\/*! This file is auto-generated *\/\n!function(d,l){\"use strict\";l.querySelector&&d.addEventListener&&\"undefined\"!=typeof URL&&(d.wp=d.wp||{},d.wp.receiveEmbedMessage||(d.wp.receiveEmbedMessage=function(e){var t=e.data;if((t||t.secret||t.message||t.value)&&!\/[^a-zA-Z0-9]\/.test(t.secret)){for(var s,r,n,a=l.querySelectorAll('iframe[data-secret=\"'+t.secret+'\"]'),o=l.querySelectorAll('blockquote[data-secret=\"'+t.secret+'\"]'),c=new RegExp(\"^https?:$\",\"i\"),i=0;i<o.length;i++)o[i].style.display=\"none\";for(i=0;i<a.length;i++)s=a[i],e.source===s.contentWindow&&(s.removeAttribute(\"style\"),\"height\"===t.message?(1e3<(r=parseInt(t.value,10))?r=1e3:~~r<200&&(r=200),s.height=r):\"link\"===t.message&&(r=new URL(s.getAttribute(\"src\")),n=new URL(t.value),c.test(n.protocol))&&n.host===r.host&&l.activeElement===s&&(d.top.location.href=t.value))}},d.addEventListener(\"message\",d.wp.receiveEmbedMessage,!1),l.addEventListener(\"DOMContentLoaded\",function(){for(var e,t,s=l.querySelectorAll(\"iframe.wp-embedded-content\"),r=0;r<s.length;r++)(t=(e=s[r]).getAttribute(\"data-secret\"))||(t=Math.random().toString(36).substring(2,12),e.src+=\"#?secret=\"+t,e.setAttribute(\"data-secret\",t)),e.contentWindow.postMessage({message:\"ready\",secret:t},\"*\")},!1)))}(window,document);\n\/\/# sourceURL=https:\/\/alan.lu\/wp-includes\/js\/wp-embed.min.js\n\/* ]]> *\/\n<\/script>\n","thumbnail_url":"https:\/\/alan.lu\/wp-content\/uploads\/2021\/12\/lettre-publique-banner-website.jpg","thumbnail_width":1300,"thumbnail_height":845,"description":"\u00c0 travers une lettre publique, les associations signataires souhaitent lancer un appel \u00e0 la vigilance, \u00e0 la solidarit\u00e9 et au respect, tout en rappelant les faits essentiels qui caract\u00e9risent cette crise."}

Lettre publique concernant la crise sanitaire liée au COVID-19 - décembre 2021 - ALAN

<blockquote class="wp-embedded-content" data-secret="Vkpjpour2I"><a href="https://alan.lu/fr/lettre-publique-covid-19-decembre-2021/">Lettre publique concernant la crise sanitaire liée au COVID-19 &#8211; décembre 2021</a></blockquote><iframe sandbox="allow-scripts" security="restricted" src="https://alan.lu/fr/lettre-publique-covid-19-decembre-2021/embed/#?secret=Vkpjpour2I" width="600" height="338" title="« Lettre publique concernant la crise sanitaire liée au COVID-19 &#8211; décembre 2021 » &#8212; ALAN" data-secret="Vkpjpour2I" frameborder="0" marginwidth="0" marginheight="0" scrolling="no" class="wp-embedded-content"></iframe><script type="text/javascript">
/* <![CDATA[ */
/*! This file is auto-generated */
!function(d,l){"use strict";l.querySelector&&d.addEventListener&&"undefined"!=typeof URL&&(d.wp=d.wp||{},d.wp.receiveEmbedMessage||(d.wp.receiveEmbedMessage=function(e){var t=e.data;if((t||t.secret||t.message||t.value)&&!/[^a-zA-Z0-9]/.test(t.secret)){for(var s,r,n,a=l.querySelectorAll('iframe[data-secret="'+t.secret+'"]'),o=l.querySelectorAll('blockquote[data-secret="'+t.secret+'"]'),c=new RegExp("^https?:$","i"),i=0;i<o.length;i++)o[i].style.display="none";for(i=0;i<a.length;i++)s=a[i],e.source===s.contentWindow&&(s.removeAttribute("style"),"height"===t.message?(1e3<(r=parseInt(t.value,10))?r=1e3:~~r<200&&(r=200),s.height=r):"link"===t.message&&(r=new URL(s.getAttribute("src")),n=new URL(t.value),c.test(n.protocol))&&n.host===r.host&&l.activeElement===s&&(d.top.location.href=t.value))}},d.addEventListener("message",d.wp.receiveEmbedMessage,!1),l.addEventListener("DOMContentLoaded",function(){for(var e,t,s=l.querySelectorAll("iframe.wp-embedded-content"),r=0;r<s.length;r++)(t=(e=s[r]).getAttribute("data-secret"))||(t=Math.random().toString(36).substring(2,12),e.src+="#?secret="+t,e.setAttribute("data-secret",t)),e.contentWindow.postMessage({message:"ready",secret:t},"*")},!1)))}(window,document);
//# sourceURL=https://alan.lu/wp-includes/js/wp-embed.min.js
/* ]]> */
</script>

À travers une lettre publique, les associations signataires souhaitent lancer un appel à la vigilance, à la solidarité et au respect, tout en rappelant les faits essentiels qui caractérisent cette crise.
