{"id":28129,"date":"2023-02-21T09:09:15","date_gmt":"2023-02-21T08:09:15","guid":{"rendered":"https:\/\/alan.lu\/?post_type=ajde_events&#038;p=28129"},"modified":"2023-02-21T09:09:15","modified_gmt":"2023-02-21T08:09:15","slug":"concert-rare-music-4-rare-diseases","status":"publish","type":"ajde_events","link":"https:\/\/alan.lu\/fr\/events\/concert-rare-music-4-rare-diseases\/","title":{"rendered":"Concert &#8220;Rare Music 4 Rare Diseases&#8221;"},"content":{"rendered":"<p>ALAN et la commune de Hesperange invitent au concert \u00ab\u00a0Rare Music 4 Rare Diseases\u00a0\u00bb, le 24 f\u00e9vrier \u00e0 20h00. Dans le cadre magnifique du CELO (Hesperange), No\u00e9mie Sunnen, Magali Weber et Tatsiana Molkava interpr\u00e8tent des \u0153uvres moins connues par le grand public et donc \u00ab\u00a0extraordinaires\u00a0\u00bb.<\/p>\n","protected":false},"author":2,"featured_media":28128,"menu_order":0,"comment_status":"closed","ping_status":"closed","template":"","meta":{"give_campaign_id":0,"inline_featured_image":false},"tags":[],"event_type":[83],"event_type_2":[],"class_list":["post-28129","ajde_events","type-ajde_events","status-publish","has-post-thumbnail","hentry","event_location-celo","event_type-public-event"],"yoast_head":"<!-- This site is optimized with the Yoast SEO plugin v27.4 - https:\/\/yoast.com\/product\/yoast-seo-wordpress\/ -->\n<title>Concert &#8220;Rare Music 4 Rare Diseases&#8221; - ALAN<\/title>\n<meta name=\"robots\" content=\"index, follow, max-snippet:-1, max-image-preview:large, max-video-preview:-1\" \/>\n<link rel=\"canonical\" href=\"https:\/\/alan.lu\/fr\/events\/concert-rare-music-4-rare-diseases\/\" \/>\n<meta property=\"og:locale\" content=\"fr_FR\" \/>\n<meta property=\"og:type\" content=\"article\" \/>\n<meta property=\"og:title\" content=\"Concert &#8220;Rare Music 4 Rare Diseases&#8221; - ALAN\" \/>\n<meta property=\"og:description\" content=\"ALAN et la commune de Hesperange invitent au concert \u00ab\u00a0Rare Music 4 Rare Diseases\u00a0\u00bb, le 24 f\u00e9vrier \u00e0 20h00. Dans le cadre magnifique du CELO (Hesperange), No\u00e9mie Sunnen, Magali Weber...\" \/>\n<meta property=\"og:url\" content=\"https:\/\/alan.lu\/fr\/events\/concert-rare-music-4-rare-diseases\/\" \/>\n<meta property=\"og:site_name\" content=\"ALAN\" \/>\n<meta property=\"og:image\" content=\"https:\/\/alan.lu\/wp-content\/uploads\/2023\/02\/rare-music-4-rare-diseases.jpg\" \/>\n\t<meta property=\"og:image:width\" content=\"1240\" \/>\n\t<meta property=\"og:image:height\" content=\"1754\" \/>\n\t<meta property=\"og:image:type\" content=\"image\/jpeg\" \/>\n<meta name=\"twitter:card\" content=\"summary_large_image\" \/>\n<meta name=\"twitter:label1\" content=\"Dur\u00e9e de lecture estim\u00e9e\" \/>\n\t<meta name=\"twitter:data1\" content=\"1 minute\" \/>\n<script type=\"application\/ld+json\" class=\"yoast-schema-graph\">{\"@context\":\"https:\\\/\\\/schema.org\",\"@graph\":[{\"@type\":\"WebPage\",\"@id\":\"https:\\\/\\\/alan.lu\\\/fr\\\/events\\\/concert-rare-music-4-rare-diseases\\\/\",\"url\":\"https:\\\/\\\/alan.lu\\\/fr\\\/events\\\/concert-rare-music-4-rare-diseases\\\/\",\"name\":\"Concert &#8220;Rare Music 4 Rare Diseases&#8221; - ALAN\",\"isPartOf\":{\"@id\":\"https:\\\/\\\/alan.lu\\\/fr\\\/#website\"},\"primaryImageOfPage\":{\"@id\":\"https:\\\/\\\/alan.lu\\\/fr\\\/events\\\/concert-rare-music-4-rare-diseases\\\/#primaryimage\"},\"image\":{\"@id\":\"https:\\\/\\\/alan.lu\\\/fr\\\/events\\\/concert-rare-music-4-rare-diseases\\\/#primaryimage\"},\"thumbnailUrl\":\"https:\\\/\\\/alan.lu\\\/wp-content\\\/uploads\\\/2023\\\/02\\\/rare-music-4-rare-diseases.jpg\",\"datePublished\":\"2023-02-21T08:09:15+00:00\",\"breadcrumb\":{\"@id\":\"https:\\\/\\\/alan.lu\\\/fr\\\/events\\\/concert-rare-music-4-rare-diseases\\\/#breadcrumb\"},\"inLanguage\":\"fr-FR\",\"potentialAction\":[{\"@type\":\"ReadAction\",\"target\":[\"https:\\\/\\\/alan.lu\\\/fr\\\/events\\\/concert-rare-music-4-rare-diseases\\\/\"]}]},{\"@type\":\"ImageObject\",\"inLanguage\":\"fr-FR\",\"@id\":\"https:\\\/\\\/alan.lu\\\/fr\\\/events\\\/concert-rare-music-4-rare-diseases\\\/#primaryimage\",\"url\":\"https:\\\/\\\/alan.lu\\\/wp-content\\\/uploads\\\/2023\\\/02\\\/rare-music-4-rare-diseases.jpg\",\"contentUrl\":\"https:\\\/\\\/alan.lu\\\/wp-content\\\/uploads\\\/2023\\\/02\\\/rare-music-4-rare-diseases.jpg\",\"width\":1240,\"height\":1754},{\"@type\":\"BreadcrumbList\",\"@id\":\"https:\\\/\\\/alan.lu\\\/fr\\\/events\\\/concert-rare-music-4-rare-diseases\\\/#breadcrumb\",\"itemListElement\":[{\"@type\":\"ListItem\",\"position\":1,\"name\":\"Accueil\",\"item\":\"https:\\\/\\\/alan.lu\\\/fr\\\/\"},{\"@type\":\"ListItem\",\"position\":2,\"name\":\"Events\",\"item\":\"https:\\\/\\\/alan.lu\\\/fr\\\/events\\\/\"},{\"@type\":\"ListItem\",\"position\":3,\"name\":\"Concert &#8220;Rare Music 4 Rare Diseases&#8221;\"}]},{\"@type\":\"WebSite\",\"@id\":\"https:\\\/\\\/alan.lu\\\/fr\\\/#website\",\"url\":\"https:\\\/\\\/alan.lu\\\/fr\\\/\",\"name\":\"ALAN\",\"description\":\"Rare Diseases Luxembourg\",\"potentialAction\":[{\"@type\":\"SearchAction\",\"target\":{\"@type\":\"EntryPoint\",\"urlTemplate\":\"https:\\\/\\\/alan.lu\\\/fr\\\/?s={search_term_string}\"},\"query-input\":{\"@type\":\"PropertyValueSpecification\",\"valueRequired\":true,\"valueName\":\"search_term_string\"}}],\"inLanguage\":\"fr-FR\"}]}<\/script>\n<!-- \/ Yoast SEO plugin. -->","yoast_head_json":{"title":"Concert &#8220;Rare Music 4 Rare Diseases&#8221; - ALAN","robots":{"index":"index","follow":"follow","max-snippet":"max-snippet:-1","max-image-preview":"max-image-preview:large","max-video-preview":"max-video-preview:-1"},"canonical":"https:\/\/alan.lu\/fr\/events\/concert-rare-music-4-rare-diseases\/","og_locale":"fr_FR","og_type":"article","og_title":"Concert &#8220;Rare Music 4 Rare Diseases&#8221; - ALAN","og_description":"ALAN et la commune de Hesperange invitent au concert \u00ab\u00a0Rare Music 4 Rare Diseases\u00a0\u00bb, le 24 f\u00e9vrier \u00e0 20h00. Dans le cadre magnifique du CELO (Hesperange), No\u00e9mie Sunnen, Magali Weber...","og_url":"https:\/\/alan.lu\/fr\/events\/concert-rare-music-4-rare-diseases\/","og_site_name":"ALAN","og_image":[{"width":1240,"height":1754,"url":"https:\/\/alan.lu\/wp-content\/uploads\/2023\/02\/rare-music-4-rare-diseases.jpg","type":"image\/jpeg"}],"twitter_card":"summary_large_image","twitter_misc":{"Dur\u00e9e de lecture estim\u00e9e":"1 minute"},"schema":{"@context":"https:\/\/schema.org","@graph":[{"@type":"WebPage","@id":"https:\/\/alan.lu\/fr\/events\/concert-rare-music-4-rare-diseases\/","url":"https:\/\/alan.lu\/fr\/events\/concert-rare-music-4-rare-diseases\/","name":"Concert &#8220;Rare Music 4 Rare Diseases&#8221; - ALAN","isPartOf":{"@id":"https:\/\/alan.lu\/fr\/#website"},"primaryImageOfPage":{"@id":"https:\/\/alan.lu\/fr\/events\/concert-rare-music-4-rare-diseases\/#primaryimage"},"image":{"@id":"https:\/\/alan.lu\/fr\/events\/concert-rare-music-4-rare-diseases\/#primaryimage"},"thumbnailUrl":"https:\/\/alan.lu\/wp-content\/uploads\/2023\/02\/rare-music-4-rare-diseases.jpg","datePublished":"2023-02-21T08:09:15+00:00","breadcrumb":{"@id":"https:\/\/alan.lu\/fr\/events\/concert-rare-music-4-rare-diseases\/#breadcrumb"},"inLanguage":"fr-FR","potentialAction":[{"@type":"ReadAction","target":["https:\/\/alan.lu\/fr\/events\/concert-rare-music-4-rare-diseases\/"]}]},{"@type":"ImageObject","inLanguage":"fr-FR","@id":"https:\/\/alan.lu\/fr\/events\/concert-rare-music-4-rare-diseases\/#primaryimage","url":"https:\/\/alan.lu\/wp-content\/uploads\/2023\/02\/rare-music-4-rare-diseases.jpg","contentUrl":"https:\/\/alan.lu\/wp-content\/uploads\/2023\/02\/rare-music-4-rare-diseases.jpg","width":1240,"height":1754},{"@type":"BreadcrumbList","@id":"https:\/\/alan.lu\/fr\/events\/concert-rare-music-4-rare-diseases\/#breadcrumb","itemListElement":[{"@type":"ListItem","position":1,"name":"Accueil","item":"https:\/\/alan.lu\/fr\/"},{"@type":"ListItem","position":2,"name":"Events","item":"https:\/\/alan.lu\/fr\/events\/"},{"@type":"ListItem","position":3,"name":"Concert &#8220;Rare Music 4 Rare Diseases&#8221;"}]},{"@type":"WebSite","@id":"https:\/\/alan.lu\/fr\/#website","url":"https:\/\/alan.lu\/fr\/","name":"ALAN","description":"Rare Diseases Luxembourg","potentialAction":[{"@type":"SearchAction","target":{"@type":"EntryPoint","urlTemplate":"https:\/\/alan.lu\/fr\/?s={search_term_string}"},"query-input":{"@type":"PropertyValueSpecification","valueRequired":true,"valueName":"search_term_string"}}],"inLanguage":"fr-FR"}]}},"_links":{"self":[{"href":"https:\/\/alan.lu\/fr\/wp-json\/wp\/v2\/ajde_events\/28129","targetHints":{"allow":["GET"]}}],"collection":[{"href":"https:\/\/alan.lu\/fr\/wp-json\/wp\/v2\/ajde_events"}],"about":[{"href":"https:\/\/alan.lu\/fr\/wp-json\/wp\/v2\/types\/ajde_events"}],"author":[{"embeddable":true,"href":"https:\/\/alan.lu\/fr\/wp-json\/wp\/v2\/users\/2"}],"replies":[{"embeddable":true,"href":"https:\/\/alan.lu\/fr\/wp-json\/wp\/v2\/comments?post=28129"}],"wp:featuredmedia":[{"embeddable":true,"href":"https:\/\/alan.lu\/fr\/wp-json\/wp\/v2\/media\/28128"}],"wp:attachment":[{"href":"https:\/\/alan.lu\/fr\/wp-json\/wp\/v2\/media?parent=28129"}],"wp:term":[{"taxonomy":"post_tag","embeddable":true,"href":"https:\/\/alan.lu\/fr\/wp-json\/wp\/v2\/tags?post=28129"},{"taxonomy":"event_type","embeddable":true,"href":"https:\/\/alan.lu\/fr\/wp-json\/wp\/v2\/event_type?post=28129"},{"taxonomy":"event_type_2","embeddable":true,"href":"https:\/\/alan.lu\/fr\/wp-json\/wp\/v2\/event_type_2?post=28129"}],"curies":[{"name":"wp","href":"https:\/\/api.w.org\/{rel}","templated":true}]}}

<p>ALAN et la commune de Hesperange invitent au concert « Rare Music 4 Rare Diseases », le 24 février à 20h00. Dans le cadre magnifique du CELO (Hesperange), Noémie Sunnen, Magali Weber et Tatsiana Molkava interprètent des œuvres moins connues par le grand public et donc « extraordinaires ».</p>

<!-- This site is optimized with the Yoast SEO plugin v27.4 - https://yoast.com/product/yoast-seo-wordpress/ -->
<title>Concert &#8220;Rare Music 4 Rare Diseases&#8221; - ALAN</title>
<meta name="robots" content="index, follow, max-snippet:-1, max-image-preview:large, max-video-preview:-1" />
<link rel="canonical" href="https://alan.lu/fr/events/concert-rare-music-4-rare-diseases/" />
<meta property="og:locale" content="fr_FR" />
<meta property="og:type" content="article" />
<meta property="og:title" content="Concert &#8220;Rare Music 4 Rare Diseases&#8221; - ALAN" />
<meta property="og:description" content="ALAN et la commune de Hesperange invitent au concert « Rare Music 4 Rare Diseases », le 24 février à 20h00. Dans le cadre magnifique du CELO (Hesperange), Noémie Sunnen, Magali Weber..." />
<meta property="og:url" content="https://alan.lu/fr/events/concert-rare-music-4-rare-diseases/" />
<meta property="og:site_name" content="ALAN" />
<meta property="og:image" content="https://alan.lu/wp-content/uploads/2023/02/rare-music-4-rare-diseases.jpg" />
	<meta property="og:image:width" content="1240" />
	<meta property="og:image:height" content="1754" />
	<meta property="og:image:type" content="image/jpeg" />
<meta name="twitter:card" content="summary_large_image" />
<meta name="twitter:label1" content="Durée de lecture estimée" />
	<meta name="twitter:data1" content="1 minute" />
<script type="application/ld+json" class="yoast-schema-graph">{"@context":"https:\/\/schema.org","@graph":[{"@type":"WebPage","@id":"https:\/\/alan.lu\/fr\/events\/concert-rare-music-4-rare-diseases\/","url":"https:\/\/alan.lu\/fr\/events\/concert-rare-music-4-rare-diseases\/","name":"Concert &#8220;Rare Music 4 Rare Diseases&#8221; - ALAN","isPartOf":{"@id":"https:\/\/alan.lu\/fr\/#website"},"primaryImageOfPage":{"@id":"https:\/\/alan.lu\/fr\/events\/concert-rare-music-4-rare-diseases\/#primaryimage"},"image":{"@id":"https:\/\/alan.lu\/fr\/events\/concert-rare-music-4-rare-diseases\/#primaryimage"},"thumbnailUrl":"https:\/\/alan.lu\/wp-content\/uploads\/2023\/02\/rare-music-4-rare-diseases.jpg","datePublished":"2023-02-21T08:09:15+00:00","breadcrumb":{"@id":"https:\/\/alan.lu\/fr\/events\/concert-rare-music-4-rare-diseases\/#breadcrumb"},"inLanguage":"fr-FR","potentialAction":[{"@type":"ReadAction","target":["https:\/\/alan.lu\/fr\/events\/concert-rare-music-4-rare-diseases\/"]}]},{"@type":"ImageObject","inLanguage":"fr-FR","@id":"https:\/\/alan.lu\/fr\/events\/concert-rare-music-4-rare-diseases\/#primaryimage","url":"https:\/\/alan.lu\/wp-content\/uploads\/2023\/02\/rare-music-4-rare-diseases.jpg","contentUrl":"https:\/\/alan.lu\/wp-content\/uploads\/2023\/02\/rare-music-4-rare-diseases.jpg","width":1240,"height":1754},{"@type":"BreadcrumbList","@id":"https:\/\/alan.lu\/fr\/events\/concert-rare-music-4-rare-diseases\/#breadcrumb","itemListElement":[{"@type":"ListItem","position":1,"name":"Accueil","item":"https:\/\/alan.lu\/fr\/"},{"@type":"ListItem","position":2,"name":"Events","item":"https:\/\/alan.lu\/fr\/events\/"},{"@type":"ListItem","position":3,"name":"Concert &#8220;Rare Music 4 Rare Diseases&#8221;"}]},{"@type":"WebSite","@id":"https:\/\/alan.lu\/fr\/#website","url":"https:\/\/alan.lu\/fr\/","name":"ALAN","description":"Rare Diseases Luxembourg","potentialAction":[{"@type":"SearchAction","target":{"@type":"EntryPoint","urlTemplate":"https:\/\/alan.lu\/fr\/?s={search_term_string}"},"query-input":{"@type":"PropertyValueSpecification","valueRequired":true,"valueName":"search_term_string"}}],"inLanguage":"fr-FR"}]}</script>
<!-- / Yoast SEO plugin. -->

ALAN et la commune de Hesperange invitent au concert « Rare Music 4 Rare Diseases », le 24 février à 20h00. Dans le cadre magnifique du CELO (Hesperange), Noémie Sunnen, Magali Weber...
